+ 2*z. List the prime factors of 1*-4*s/16.
11
Suppose 2 = -2*d - b, -3*d + 4 = -0*d + 5*b. What are the prime factors of 4/d*(-3)/2?
3
Let a = 78 - 53. List the prime factors of a.
5
Let p = 130 + -59. List the prime factors of p.
71
Let f(y) = 14*y - 6. What are the prime factors of f(4)?
2, 5
Let o = -20 + 28. What are the prime factors of o?
2
Suppose 0*m + m = 0. Suppose 2*c + 2*l - 5*l - 12 = m, 2*c - 12 = -2*l. What are the prime factors of c?
2, 3
Suppose 5*f - 21 - 4 = 0. Let a = -39 + 38. Let d = a + f. What are the prime factors of d?
2
Suppose 3*i + 158 = 2*c + 12, 236 = 3*c + 4*i. What are the prime factors of c?
2, 19
Suppose 0 = 2*j - 10 - 0. Suppose -j*b = 4*k - 100, 2*k + k = -5*b + 95. What are the prime factors of b?
2
Let i(b) = 31*b**3 - b**2 + b + 1. Let y be i(-1). Let m = y + 48. What are the prime factors of (m/(-10))/(2/(-5))?
2
Let u(c) = c**3 - c**2 + 4*c + 2. Let t be u(-3). Let p = t + 65. List the prime factors of p.
19
Let f(k) = k**2 - 6*k + 6. Let t be f(4). Let j = 0 - t. Suppose -8 = -2*y - j. What are the prime factors of y?
3
Let b(r) = r**3 + 10*r**2 + 13. Suppose 3*m = -16 - 14. List the prime factors of b(m).
13
Let u be (1/(-3))/(1/(-6)). Suppose -r - 3*m = u*m - 27, 3*r + 5*m = 51. List the prime factors of r.
2, 3
Suppose 2*k - 2 = -5*s - 26, -4 = 2*k. Let t(j) = -j**2 + 5*j + 2. Let i be t(4). List the prime factors of ((-4)/i)/(s/12).
2
Let i(z) = -z**3 - 6*z**2 - 2*z - 1. Suppose -5*r = -7 - 3. Suppose 14 = -2*w + r. List the prime factors of i(w).
11
Let d(m) = -m**3 - 6*m**2 + 6*m - 7. Let w be d(-7). Suppose -l + 6 + 12 = w. What are the prime factors of l?
2, 3
What are the prime factors of (-4)/(-3)*(89 + 1)?
2, 3, 5
Let w = -17 - -31. Let t = -9 + w. What are the prime factors of t?
5
Let i be (-84)/7 + (2 - -1). Let y = i - -28. What are the prime factors of y?
19
Let b(d) = -d**2 + 20*d - 3. What are the prime factors of b(16)?
61
Let v(n) = n - 6. Let i be v(5). Let d be (i - 0) + (-2 - -15). Let c = d - 6. List the prime factors of c.
2, 3
Let s = 11 - 9. Suppose -s*n + 19 = -4*p + 7, -2*p = n - 6. What are the prime factors of n?
2, 3
Let f(j) = j + 4. Suppose -s - 12 = -5*r + 12, -5*r = 2*s + 3. Let h = s - -17. What are the prime factors of f(h)?
2, 3
Suppose -5 = -4*a - 61. Let q = a + 29. List the prime factors of q.
3, 5
Let u(k) = 9*k - 23. Let y(i) = -4*i + 11. Let x(p) = 3*u(p) + 7*y(p). What are the prime factors of x(-9)?
17
Suppose n = -9*n + 1690. List the prime factors of n.
13
List the prime factors of 1 + -3 + 128 + -4.
2, 61
Let y be (-1 - 1) + -273*1. List the prime factors of 2/8 + y/(-20).
2, 7
What are the prime factors of (-18)/(-24) + (-738)/(-8)?
3, 31
Let w be 6/8 + 2/8. Let h be w - -3 - (-1)/1. Suppose 1 = h*s - 59. What are the prime factors of s?
2, 3
Suppose -3*t = 2*t + 40. List the prime factors of 1*-1*(t - 11).
19
Let i = -6 + 9. List the prime factors of 16/4 + (-3)/i.
3
Let j be (-64)/(-12) + (-4)/(-6). Let s be j/(-15) + (-66)/(-15). Suppose 4*f + 8 = -4*a, -12 = -3*f + 5*f + s*a. What are the prime factors of f?
2
List the prime factors of ((-3)/3)/1 + 22*1.
3, 7
Suppose 2*b - 3 = 1. Let o = b - -59. Suppose 4*v + c - o = 2*c, 4*v = 2*c + 58. What are the prime factors of v?
2
Let s(y) = -3*y + 10. What are the prime factors of s(-5)?
5
Suppose -8*a + 742 = -a. List the prime factors of a.
2, 53
Suppose -2*w - 19 = -r + 3*w, -4*r - 3*w + 7 = 0. Suppose r*i + 6 + 6 = 0. What are the prime factors of (1*i)/(-3) + 2?
3
Suppose -6*y + y = 25. Let z(a) = a**3 + 6*a**2 + 2*a - 3. What are the prime factors of z(y)?
2, 3
Suppose 5*w - 2*k - 83 = 0, 2*w - 29 = 4*k + k. List the prime factors of w.
17
Let a = 1 - 3. Let m = -16 - -11. What are the prime factors of (-16)/(-5)*m/a?
2
Let y(o) = -28*o + 2. List the prime factors of y(-1).
2, 3, 5
Let m = -155 - -182. List the prime factors of m.
3
Suppose 3*z - 6*v = -3*v, 5*z = -4*v + 45. Suppose 0 = -4*k - 3*c - c + 28, -z*k = -2*c. Suppose 11 - k = m. List the prime factors of m.
3
Suppose 57 = 3*t + 42. List the prime factors of t.
5
Let x(s) = -s**3 - 5*s**2 + s + 12. List the prime factors of x(-6).
2, 3, 7
Let l be (-15)/(-6)*(-36)/3. Let x = l - -60. Suppose -2*c - c = -x. List the prime factors of c.
2, 5
Suppose -20*p = -8*p - 2916. What are the prime factors of p?
3
List the prime factors of -36*((-20)/(-6))/(0 - 2).
2, 3, 5
List the prime factors of (2/4*-8)/((-1)/6).
2, 3
Suppose 2*n - 7*n = -745. List the prime factors of n.
149
Suppose -m = m - 46. What are the prime factors of m?
23
Let u(d) = -d**3 - d**2 + 2*d - 6. List the prime factors of u(-5).
2, 3, 7
Let i(x) = 7*x**3 - 2*x**2 + x. Let g be i(1). Let s(k) = -4*k + 0 + 3 - 5*k**2 + 0 + k**3. List the prime factors of s(g).
3, 5
Let u = -54 + 46. Let p(k) = -k. Let c be p(1). List the prime factors of 1*(c - u/2).
3
Let i(k) = 3*k**2 - 5*k - 2. Let x be i(7). Suppose 5*f + 13 = 2*w + x, -5*f - 2*w = -93. List the prime factors of f.
19
Suppose 2*f + 73 = f. Let g = 193 + f. What are the prime factors of g/9 - (-2)/(-6)?
13
Let m be 1/3 - (-776)/12. Suppose -2*i + m = -g, -4*g + 0 + 20 = 0. Let b = i - 19. What are the prime factors of b?
2
Let g = -2 - -4. Suppose -26 = -3*t + 5*y, -t + 5*y = g*y - 14. Suppose 8 = t*o - 4. List the prime factors of o.
2, 3
Let n be (-8)/10*5/(-2). Suppose -n*k + 0*k + 6 = 0. Let w(f) = -f**3 + 4*f**2 + 2*f - 3. What are the prime factors of w(k)?
2, 3
Let x be 1*(2 + -1)*2. Let f = x - 10. Let k = 0 - f. List the prime factors of k.
2
Suppose -5*t + 108 = 2*x, -2*t = 5 - 1. List the prime factors of x.
59
Suppose -3*f - 8 = -4*f. Suppose 0 = 6*g - f*g + 44. List the prime factors of g.
2, 11
Suppose -21*s + 23*s - 264 = 0. List the prime factors of s.
2, 3, 11
Let p(b) = b - 9. Let n be p(9). Suppose n*k = 2*k - 22. List the prime factors of k.
11
Let i be (-1)/2*(1 - 1). Suppose i = -z + j + 3, 4*z = -z + 4*j + 20. List the prime factors of z.
2
Let s be 14/8*(-3 + 31). Let j be (27/18)/(3/52). Suppose -5*p + s = -j. List the prime factors of p.
3, 5
Let w = -6 - -5. Let r = w - -4. What are the prime factors of r?
3
Let j(v) = -7*v - 2. Let w be j(-2). Let k be (3/2)/((-9)/w). What are the prime factors of (k/3)/((-1)/9)?
2, 3
Suppose 0 = -5*o + 2*o + 216. What are the prime factors of o?
2, 3
Let u = -26 - -37. List the prime factors of u.
11
Let a(g) = 8*g**3 + 3*g**2 - g - 2. Let z(b) = -b**3 - 2*b - 1. Let m be z(-1). Let u be a(m). What are the prime factors of (u/(-42))/((-2)/21)?
2, 3
Let t = 1 - -2. Suppose -h - 2*y + 44 = -3*y, 2*h - t*y - 92 = 0. Let x = -27 + h. What are the prime factors of x?
13
Let t(c) = 3*c + 3. Let k be t(4). List the prime factors of 1/3 + 85/k.
2, 3
Let o be 231/6*4/7. Let q(z) = 8*z**3 + z. Let w be q(-1). Let p = w + o. What are the prime factors of p?
13
Let f(g) = g**3 - g**2 + g + 2. Let n be f(0). Suppose 3*i + 1 = -4*v, 4*v + 0*i - 14 = n*i. List the prime factors of v.
2
What are the prime factors of 146/3 + 4/(-6)?
2, 3
Let w(k) = 5*k**2 - 8*k - 3. Let h(m) = m**2. Let a(y) = -6*h(y) + w(y). What are the prime factors of a(-5)?
2, 3
What are the prime factors of (-4)/2 + (-96)/(-4)?
2, 11
Let r(v) be the first derivative of 3*v**2/2 + 3*v + 1. Let c(k) = 12*k**2 + 4*k - 1. Let y be c(-1). List the prime factors of r(y).
2, 3
Suppose -5*o = -0*o - 30. Let b be (0 + 0)/(o/(-3)). List the prime factors of (b + 7/1)*1.
7
Let b(r) = -r**3 - r**2 + r + 8. Let k be b(0). Let z = k - 10. List the prime factors of 10 - (z - -2 - 2).
2, 3
Let v(t) = -t**2 + t + 9. Let g be (-2)/(-9) - 4/18. What are the prime factors of v(g)?
3
Suppose -5*s = 5*j - 725, -2*s - 3*j - j + 288 = 0. List the prime factors of s.
2, 73
Let z = 0 + 3. Suppose -z*l - 5*t - 11 = 0, -2*l - 5*t = 12 + 2. What are the prime factors of l?
3
Let i = 75 - 33. What are the prime factors of i?
2, 3, 7
Suppose 5*y - 24 = 61. Let a = y + -9. What are the prime factors of a?
2
Suppose 7*r = 3*r - 4. Let s = r + -1. Let h = s + 7. List the prime factors of h.
5
Let i be 36 + -2 + (0 - 2). Let j = 1 - 17. Let h = i + j. List the prime factors of h.
2
Let z = -181 + 287. List the prime factors of z.
2, 53
Let i = 117 + -44. Let c = i - 36. Suppose -5*v - 4*n + c = 0, v - 4*v = 3*n - 24. List the prime fact